{"id":1136,"date":"2019-04-04T10:28:13","date_gmt":"2019-04-04T13:28:13","guid":{"rendered":"https:\/\/artsyhostel.com.br\/hotel\/?page_id=1136"},"modified":"2025-09-11T20:11:57","modified_gmt":"2025-09-11T23:11:57","slug":"quartos","status":"publish","type":"page","link":"https:\/\/artsyhostel.com.br\/hotel\/quartos\/","title":{"rendered":"Quartos"},"content":{"rendered":"<p>[vc_row][vc_column width=&#8221;1\/6&#8243;][\/vc_column][vc_column width=&#8221;2\/3&#8243;]<div id=\"sc_title_504290243\"\n\t\tclass=\"sc_title sc_title_default\"><h2 class=\"sc_item_title sc_title_title sc_align_center sc_item_title_style_default\">Acomoda\u00e7\u00f5es<\/h2><div class=\"sc_item_descr sc_title_descr sc_align_center\">O Artsy Vit\u00f3ria Hostel oferece acomoda\u00e7\u00f5es modernas e equipadas para garantir todo o conforto para voc\u00ea que viaja a neg\u00f3cios ou a lazer.<\/div><\/div><!-- \/.sc_title -->[vc_empty_space alter_height=&#8221;medium&#8221; hide_on_mobile=&#8221;&#8221;][\/vc_column][vc_column width=&#8221;1\/6&#8243;][\/vc_column][\/vc_row][vc_row][vc_column width=&#8221;1\/3&#8243;]<div  id=\"sc_price_1113790632\" \n\tclass=\"sc_price sc_price_default\"><a href=\"\/hotel\/quarto-amarelo\/\" class=\"sc_price_image\"><div class=\"sc_price_details\">QUARTO AMARELO<\/p>\n<p>PRIVATIVO 2 BELICHES<\/div><img loading=\"lazy\" decoding=\"async\" src=\"https:\/\/artsyhostel.com.br\/hotel\/wp-content\/uploads\/2019\/04\/2687801e-7b7b-46e2-a9be-14bb5371d7c5-740x566.jpg\" alt=\"2687801e-7b7b-46e2-a9be-14bb5371d7c5-740x566.jpg\" width=\"740\" height=\"566\"><\/a><div class=\"sc_price_info\"><div class=\"sc_price_subtitle\">Privativo<\/div><div class=\"sc_price_title\"><a href=\"\/hotel\/quarto-amarelo\/\">QUARTO AMARELO<\/a><\/div><div class=\"sc_price_description\">Di\u00e1ria<\/div><div class=\"sc_price_price\"><span class=\"sc_price_value\">R$ 190<\/span><\/div><a href=\"\/hotel\/quarto-amarelo\/\" class=\"sc_price_link\">Ver mais<\/a><\/div>\n<\/div>[vc_empty_space alter_height=&#8221;small&#8221; hide_on_mobile=&#8221;&#8221;][\/vc_column][vc_column width=&#8221;1\/3&#8243;]<div  id=\"sc_price_12864151\" \n\tclass=\"sc_price sc_price_default\"><a href=\"\/hotel\/quarto-azul\/\" class=\"sc_price_image\"><div class=\"sc_price_details\">QUARTO AZUL<\/p>\n<p>PRIVATIVO PARA CASAL OU INDIVIDUAL<\/div><img loading=\"lazy\" decoding=\"async\" src=\"https:\/\/artsyhostel.com.br\/hotel\/wp-content\/uploads\/2019\/04\/Artsy-Hostel-Vitoria-1-1-740x566.jpg\" alt=\"Artsy-Hostel-Vitoria-1-1-740x566.jpg\" width=\"740\" height=\"566\"><\/a><div class=\"sc_price_info\"><div class=\"sc_price_subtitle\">Privativo<\/div><div class=\"sc_price_title\"><a href=\"\/hotel\/quarto-azul\/\">QUARTO AZUL<\/a><\/div><div class=\"sc_price_description\">Di\u00e1ria<\/div><div class=\"sc_price_price\"><span class=\"sc_price_value\">R$ 190<\/span><\/div><a href=\"\/hotel\/quarto-azul\/\" class=\"sc_price_link\">Ver mais<\/a><\/div>\n<\/div>[vc_empty_space alter_height=&#8221;small&#8221; hide_on_mobile=&#8221;&#8221;][\/vc_column][vc_column width=&#8221;1\/3&#8243;]<div  id=\"sc_price_1159983717\" \n\tclass=\"sc_price sc_price_default\"><a href=\"\/hotel\/quarto-laranja\/\" class=\"sc_price_image\"><div class=\"sc_price_details\">QUARTO LARANJA<\/p>\n<p>PRIVATIVO PARA CASAL OU INDIVIDUAL<\/div><img loading=\"lazy\" decoding=\"async\" src=\"https:\/\/artsyhostel.com.br\/hotel\/wp-content\/uploads\/2019\/04\/Artsy-Hostel-Vitoria-1-5-740x566.jpg\" alt=\"Artsy-Hostel-Vitoria-1-5-740x566.jpg\" width=\"740\" height=\"566\"><\/a><div class=\"sc_price_info\"><div class=\"sc_price_subtitle\">Privativo<\/div><div class=\"sc_price_title\"><a href=\"\/hotel\/quarto-laranja\/\">QUARTO LARANJA<\/a><\/div><div class=\"sc_price_description\">Di\u00e1ria<\/div><div class=\"sc_price_price\"><span class=\"sc_price_value\">R$ 190<\/span><\/div><a href=\"\/hotel\/quarto-laranja\/\" class=\"sc_price_link\">Ver mais<\/a><\/div>\n<\/div>[vc_empty_space alter_height=&#8221;small&#8221; hide_on_mobile=&#8221;&#8221;][\/vc_column][\/vc_row][vc_row][vc_column width=&#8221;1\/3&#8243;]<div  id=\"sc_price_1476191526\" \n\tclass=\"sc_price sc_price_default\"><a href=\"\/hotel\/quarto-rosa\/\" class=\"sc_price_image\"><div class=\"sc_price_details\">QUARTO ROSA<\/p>\n<p>2 BELICHES &#8211; FEMININO<\/div><img loading=\"lazy\" decoding=\"async\" src=\"https:\/\/artsyhostel.com.br\/hotel\/wp-content\/uploads\/2019\/04\/Artsy-Hostel-Vitoria-1-3-740x566.jpg\" alt=\"Artsy-Hostel-Vitoria-1-3-740x566.jpg\" width=\"740\" height=\"566\"><\/a><div class=\"sc_price_info\"><div class=\"sc_price_subtitle\">Compartilhado Feminino<\/div><div class=\"sc_price_title\"><a href=\"\/hotel\/quarto-rosa\/\">QUARTO ROSA<\/a><\/div><div class=\"sc_price_description\">Di\u00e1ria<\/div><div class=\"sc_price_price\"><span class=\"sc_price_value\">R$ 140<\/span><\/div><a href=\"\/hotel\/quarto-rosa\/\" class=\"sc_price_link\">Ver mais<\/a><\/div>\n<\/div>[vc_empty_space alter_height=&#8221;small&#8221; hide_on_mobile=&#8221;&#8221;][\/vc_column][vc_column width=&#8221;1\/3&#8243;]<div  id=\"sc_price_851383023\" \n\tclass=\"sc_price sc_price_default\"><a href=\"\/hotel\/quarto-verde\/\" class=\"sc_price_image\"><div class=\"sc_price_details\">QUARTO VERDE<\/p>\n<p>4 BELICHES &#8211; MASCULINO<\/div><img loading=\"lazy\" decoding=\"async\" src=\"https:\/\/artsyhostel.com.br\/hotel\/wp-content\/uploads\/2019\/04\/Artsy-Hostel-Vitoria-1-4-740x566.jpg\" alt=\"Artsy-Hostel-Vitoria-1-4-740x566.jpg\" width=\"740\" height=\"566\"><\/a><div class=\"sc_price_info\"><div class=\"sc_price_subtitle\">Compartilhado Masculino<\/div><div class=\"sc_price_title\"><a href=\"\/hotel\/quarto-verde\/\">QUARTO VERDE<\/a><\/div><div class=\"sc_price_description\">Di\u00e1ria<\/div><div class=\"sc_price_price\"><span class=\"sc_price_value\">R$ 140<\/span><\/div><a href=\"\/hotel\/quarto-verde\/\" class=\"sc_price_link\">Ver mais<\/a><\/div>\n<\/div>[vc_empty_space alter_height=&#8221;small&#8221; hide_on_mobile=&#8221;&#8221;][\/vc_column][vc_column width=&#8221;1\/3&#8243;]<div  id=\"sc_price_1151741718\" \n\tclass=\"sc_price sc_price_default\"><a href=\"\/hotel\/quarto-vermelho\/\" class=\"sc_price_image\"><div class=\"sc_price_details\">QUARTO VERMELHO<\/p>\n<p>PRIVATIVO 2 BELICHES<\/div><img loading=\"lazy\" decoding=\"async\" src=\"https:\/\/artsyhostel.com.br\/hotel\/wp-content\/uploads\/2019\/04\/Artsy-Hostel-Vitoria-3-1-740x566.jpg\" alt=\"Artsy-Hostel-Vitoria-3-1-740x566.jpg\" width=\"740\" height=\"566\"><\/a><div class=\"sc_price_info\"><div class=\"sc_price_subtitle\">Privativo<\/div><div class=\"sc_price_title\"><a href=\"\/hotel\/quarto-vermelho\/\">QUARTO VERMELHO<\/a><\/div><div class=\"sc_price_description\">Di\u00e1ria<\/div><div class=\"sc_price_price\"><span class=\"sc_price_value\">R$ 190<\/span><\/div><a href=\"\/hotel\/quarto-vermelho\/\" class=\"sc_price_link\">Ver mais<\/a><\/div>\n<\/div>[vc_empty_space alter_height=&#8221;small&#8221; hide_on_mobile=&#8221;&#8221;][\/vc_column][\/vc_row][vc_row][vc_column][vc_empty_space][\/vc_column][\/vc_row][vc_row][vc_column css=&#8221;.vc_custom_1554587616359{margin-bottom: 80px !important;}&#8221;][vc_column_text]<\/p>\n<h2 style=\"text-align: center;\">Servi\u00e7os e Diferenciais<\/h2>\n<p>[\/vc_column_text][\/vc_column][\/vc_row][vc_row][vc_column]<div class=\"sc_layouts sc_layouts_default sc_layouts_1311\">[vc_row][vc_column width=\"1\/6\"][vc_icon icon_fontawesome=\"icon-icon5\" color=\"black\" background_style=\"rounded\" background_color=\"custom\" size=\"lg\" align=\"center\" custom_background_color=\"#ffdb74\" link=\"|||\"][vc_column_text css=\".vc_custom_1554554867079{margin-top: -10px !important;}\"]\r\n<p style=\"text-align: center;\"><strong>AR CONDICIONADO<\/strong><\/p>\r\n[\/vc_column_text][\/vc_column][vc_column width=\"1\/6\"][vc_icon icon_fontawesome=\"icon-icon1\" color=\"black\" background_style=\"rounded\" background_color=\"custom\" size=\"lg\" align=\"center\" custom_background_color=\"#ffdb74\" link=\"|||\"][vc_column_text css=\".vc_custom_1554555890881{margin-top: -10px !important;}\"]\r\n<p style=\"text-align: center;\"><strong>CAF\u00c9 DA MANH\u00c3<\/strong><\/p>\r\n[\/vc_column_text][\/vc_column][vc_column width=\"1\/6\"][vc_icon icon_fontawesome=\"icon-icon2\" color=\"black\" background_style=\"rounded\" background_color=\"custom\" size=\"lg\" align=\"center\" custom_background_color=\"#ffdb74\" link=\"|||\"][vc_column_text css=\".vc_custom_1554555965720{margin-top: -10px !important;}\"]\r\n<p style=\"text-align: center;\"><strong>CHUVEIROS AQUECIDOS<\/strong><\/p>\r\n[\/vc_column_text][\/vc_column][vc_column width=\"1\/6\"][vc_icon icon_fontawesome=\"icon-icon12\" color=\"black\" background_style=\"rounded\" background_color=\"custom\" size=\"lg\" align=\"center\" custom_background_color=\"#ffdb74\" link=\"|||\"][vc_column_text css=\".vc_custom_1554555999476{margin-top: -10px !important;}\"]\r\n<p style=\"text-align: center;\"><strong>FERRO DE PASSAR<\/strong><\/p>\r\n[\/vc_column_text][\/vc_column][vc_column width=\"1\/6\"][vc_icon icon_fontawesome=\"icon-icon3\" color=\"black\" background_style=\"rounded\" background_color=\"custom\" size=\"lg\" align=\"center\" custom_background_color=\"#ffdb74\" link=\"|||\"][vc_column_text css=\".vc_custom_1554556078152{margin-top: -10px !important;}\"]\r\n<p style=\"text-align: center;\"><strong>LAVANDERIA<\/strong><\/p>\r\n[\/vc_column_text][\/vc_column][vc_column width=\"1\/6\"][vc_icon icon_fontawesome=\"icon-location-light\" color=\"black\" background_style=\"rounded\" background_color=\"custom\" size=\"lg\" align=\"center\" custom_background_color=\"#ffdb74\" link=\"|||\"][vc_column_text css=\".vc_custom_1554556117092{margin-top: -10px !important;}\"]\r\n<p style=\"text-align: center;\"><strong>LOCALIZA\u00c7\u00c3O<\/strong><\/p>\r\n[\/vc_column_text][\/vc_column][\/vc_row][vc_row][vc_column][vc_empty_space alter_height=\"medium\" hide_on_mobile=\"\"][\/vc_column][\/vc_row][vc_row][vc_column width=\"1\/6\"][vc_icon icon_fontawesome=\"icon-icon10\" color=\"black\" background_style=\"rounded\" background_color=\"custom\" size=\"lg\" align=\"center\" custom_background_color=\"#ffdb74\" link=\"|||\"][vc_column_text css=\".vc_custom_1554556205635{margin-top: -10px !important;}\"]\r\n<p style=\"text-align: center;\"><strong>MAPAS DA CIDADE<\/strong><\/p>\r\n[\/vc_column_text][\/vc_column][vc_column width=\"1\/6\"][vc_icon icon_fontawesome=\"icon-icon7\" color=\"black\" background_style=\"rounded\" background_color=\"custom\" size=\"lg\" align=\"center\" custom_background_color=\"#ffdb74\" link=\"|||\"][vc_column_text css=\".vc_custom_1554556241870{margin-top: -10px !important;}\"]\r\n<p style=\"text-align: center;\"><strong>RECEP\u00c7\u00c3O<\/strong><\/p>\r\n[\/vc_column_text][\/vc_column][vc_column width=\"1\/6\"][vc_icon icon_fontawesome=\"icon-icon11\" color=\"black\" background_style=\"rounded\" background_color=\"custom\" size=\"lg\" align=\"center\" custom_background_color=\"#ffdb74\" link=\"|||\"][vc_column_text css=\".vc_custom_1554556271887{margin-top: -10px !important;}\"]\r\n<p style=\"text-align: center;\"><strong>SECADORES<\/strong><\/p>\r\n[\/vc_column_text][\/vc_column][vc_column width=\"1\/6\"][vc_icon icon_fontawesome=\"icon-globe\" color=\"black\" background_style=\"rounded\" background_color=\"custom\" size=\"lg\" align=\"center\" custom_background_color=\"#ffdb74\" link=\"|||\"][vc_column_text css=\".vc_custom_1655171252124{margin-top: -10px !important;}\"]\r\n<p style=\"text-align: center;\"><strong>SUSTENT\u00c1VEL<\/strong><\/p>\r\n[\/vc_column_text][\/vc_column][vc_column width=\"1\/6\"][vc_icon icon_fontawesome=\"icon-icon9\" color=\"black\" background_style=\"rounded\" background_color=\"custom\" size=\"lg\" align=\"center\" custom_background_color=\"#ffdb74\" link=\"|||\"][vc_column_text css=\".vc_custom_1554556361874{margin-top: -10px !important;}\"]\r\n<p style=\"text-align: center;\"><strong>TV<\/strong><\/p>\r\n[\/vc_column_text][\/vc_column][vc_column width=\"1\/6\"][vc_icon icon_fontawesome=\"icon-icon8\" color=\"black\" background_style=\"rounded\" background_color=\"custom\" size=\"lg\" align=\"center\" custom_background_color=\"#ffdb74\" link=\"|||\"][vc_column_text css=\".vc_custom_1554556398780{margin-top: -10px !important;}\"]\r\n<p style=\"text-align: center;\"><strong>WI-FI<\/strong><\/p>\r\n[\/vc_column_text][\/vc_column][\/vc_row]<\/div>[\/vc_column][\/vc_row]<\/p>\n","protected":false},"excerpt":{"rendered":"<p>[vc_row][vc_column width=&#8221;1\/6&#8243;][\/vc_column][vc_column width=&#8221;2\/3&#8243;][vc_empty_space alter_height=&#8221;medium&#8221; hide_on_mobile=&#8221;&#8221;][\/vc_column][vc_column width=&#8221;1\/6&#8243;][\/vc_column][\/vc_row][vc_row][vc_column width=&#8221;1\/3&#8243;][vc_empty_space alter_height=&#8221;small&#8221; hide_on_mobile=&#8221;&#8221;][\/vc_column][vc_column width=&#8221;1\/3&#8243;][vc_empty_space alter_height=&#8221;small&#8221; hide_on_mobile=&#8221;&#8221;][\/vc_column][vc_column width=&#8221;1\/3&#8243;][vc_empty_space alter_height=&#8221;small&#8221; hide_on_mobile=&#8221;&#8221;][\/vc_column][\/vc_row][vc_row][vc_column width=&#8221;1\/3&#8243;][vc_empty_space alter_height=&#8221;small&#8221; hide_on_mobile=&#8221;&#8221;][\/vc_column][vc_column width=&#8221;1\/3&#8243;][vc_empty_space alter_height=&#8221;small&#8221; hide_on_mobile=&#8221;&#8221;][\/vc_column][vc_column width=&#8221;1\/3&#8243;][vc_empty_space alter_height=&#8221;small&#8221; hide_on_mobile=&#8221;&#8221;][\/vc_column][\/vc_row][vc_row][vc_column][vc_empty_space][\/vc_column][\/vc_row][vc_row][vc_column css=&#8221;.vc_custom_1554587616359{margin-bottom: 80px !important;}&#8221;][vc_column_text] Servi\u00e7os e Diferenciais [\/vc_column_text][\/vc_column][\/vc_row][vc_row][vc_column][\/vc_column][\/vc_row]<\/p>\n","protected":false},"author":1,"featured_media":0,"parent":0,"menu_order":0,"comment_status":"closed","ping_status":"closed","template":"","meta":{"footnotes":""},"class_list":["post-1136","page","type-page","status-publish","hentry"],"_links":{"self":[{"href":"https:\/\/artsyhostel.com.br\/hotel\/wp-json\/wp\/v2\/pages\/1136","targetHints":{"allow":["GET"]}}],"collection":[{"href":"https:\/\/artsyhostel.com.br\/hotel\/wp-json\/wp\/v2\/pages"}],"about":[{"href":"https:\/\/artsyhostel.com.br\/hotel\/wp-json\/wp\/v2\/types\/page"}],"author":[{"embeddable":true,"href":"https:\/\/artsyhostel.com.br\/hotel\/wp-json\/wp\/v2\/users\/1"}],"replies":[{"embeddable":true,"href":"https:\/\/artsyhostel.com.br\/hotel\/wp-json\/wp\/v2\/comments?post=1136"}],"version-history":[{"count":45,"href":"https:\/\/artsyhostel.com.br\/hotel\/wp-json\/wp\/v2\/pages\/1136\/revisions"}],"predecessor-version":[{"id":1581,"href":"https:\/\/artsyhostel.com.br\/hotel\/wp-json\/wp\/v2\/pages\/1136\/revisions\/1581"}],"wp:attachment":[{"href":"https:\/\/artsyhostel.com.br\/hotel\/wp-json\/wp\/v2\/media?parent=1136"}],"curies":[{"name":"wp","href":"https:\/\/api.w.org\/{rel}","templated":true}]}}